{"id":96,"date":"2020-04-24T15:45:31","date_gmt":"2020-04-24T13:45:31","guid":{"rendered":"http:\/\/lesjoliescuvees.com\/?page_id=96"},"modified":"2024-04-02T15:25:31","modified_gmt":"2024-04-02T13:25:31","slug":"mentions-legales","status":"publish","type":"page","link":"https:\/\/lesjoliescuvees.com\/index.php\/mentions-legales\/","title":{"rendered":"Mentions l\u00e9gales"},"content":{"rendered":"\n<p>Le Site Les Jolies Cuv\u00e9es est \u00e9dit\u00e9 par la SARL Eime de Vin.<\/p>\n\n\n\n<p>Le directeur de la publication est M. Fran\u00e7ois MARAUD-MEDINA.<br>Courriel : <a href=\"mailto:lesjoliescuvees@gmail.com\" target=\"_blank\" rel=\"noreferrer noopener\">lesjoliescuvees@gmail.com<\/a><\/p>\n\n\n\n<p>Le site web www.lesjoliescuvees.com est h\u00e9berg\u00e9 par la soci\u00e9t\u00e9 OVH, 2 rue Kellerman 59100 Roubaix.<br>Le site web www.lesjoliescuvees.com (le Site) est la propri\u00e9t\u00e9 exclusive de la SARL Eime de Vin.<\/p>\n\n\n\n<p>La consultation du Site est subordonn\u00e9e \u00e0 l\u2019acceptation int\u00e9grale et au respect par les internautes, des conditions d\u2019utilisation suivantes.<\/p>\n\n\n\n<p>L\u2019ensemble de ce site rel\u00e8ve des l\u00e9gislations fran\u00e7aises et internationales sur le droit d\u2019auteur et la propri\u00e9t\u00e9 intellectuelle. Tous les droits de reproduction sont r\u00e9serv\u00e9s, y compris pour les documents iconographiques et photographiques.<\/p>\n\n\n\n<p>L\u2019internaute s\u2019engage d\u2019ores et d\u00e9j\u00e0 \u00e0 faire des informations contenues sur le Site un usage personnel et non commercial. En cas de non-respect des dispositions de la pr\u00e9sente Charte, par l\u2019internaute, sa responsabilit\u00e9 civile et\/ou p\u00e9nale pourrai(en)t se voir engag\u00e9e(s).<\/p>\n","protected":false},"excerpt":{"rendered":"<p>Le Site Les Jolies Cuv\u00e9es est \u00e9dit\u00e9 par la SARL Eime de Vin. Le directeur de la publication est M. Fran\u00e7ois MARAUD-MEDINA.Courriel : lesjoliescuvees@gmail.com Le site web www.lesjoliescuvees.com est h\u00e9berg\u00e9 par la soci\u00e9t\u00e9 OVH, 2 rue Kellerman 59100 Roubaix.Le site web www.lesjoliescuvees.com (le Site) est la propri\u00e9t\u00e9 exclusive de la SARL Eime de Vin. La [&#8230;]\n","protected":false},"author":1,"featured_media":0,"parent":0,"menu_order":0,"comment_status":"closed","ping_status":"closed","template":"","meta":{"footnotes":""},"class_list":["post-96","page","type-page","status-publish","hentry"],"_links":{"self":[{"href":"https:\/\/lesjoliescuvees.com\/index.php\/wp-json\/wp\/v2\/pages\/96","targetHints":{"allow":["GET"]}}],"collection":[{"href":"https:\/\/lesjoliescuvees.com\/index.php\/wp-json\/wp\/v2\/pages"}],"about":[{"href":"https:\/\/lesjoliescuvees.com\/index.php\/wp-json\/wp\/v2\/types\/page"}],"author":[{"embeddable":true,"href":"https:\/\/lesjoliescuvees.com\/index.php\/wp-json\/wp\/v2\/users\/1"}],"replies":[{"embeddable":true,"href":"https:\/\/lesjoliescuvees.com\/index.php\/wp-json\/wp\/v2\/comments?post=96"}],"version-history":[{"count":3,"href":"https:\/\/lesjoliescuvees.com\/index.php\/wp-json\/wp\/v2\/pages\/96\/revisions"}],"predecessor-version":[{"id":6037,"href":"https:\/\/lesjoliescuvees.com\/index.php\/wp-json\/wp\/v2\/pages\/96\/revisions\/6037"}],"wp:attachment":[{"href":"https:\/\/lesjoliescuvees.com\/index.php\/wp-json\/wp\/v2\/media?parent=96"}],"curies":[{"name":"wp","href":"https:\/\/api.w.org\/{rel}","templated":true}]}}